
Calculate the highest common divisor of 41692 and 3808.
28
What is the highest common factor of 1642225 and 465?
155
Calculate the greatest common factor of 59622 and 228.
114
What is the highest common divisor of 9180 and 142460?
340
Calculate the greatest common divisor of 189 and 12537.
63
What is the highest common divisor of 348 and 580812?
348
Calculate the highest common divisor of 710428 and 4268.
388
Calculate the highest common divisor of 169309 and 84.
7
What is the highest common factor of 126 and 395598?
42
Calculate the highest common factor of 1419652 and 644.
92
What is the highest common factor of 3354 and 1950?
78
What is the highest common divisor of 16195 and 5135?
395
Calculate the highest common factor of 54 and 394578.
54
Calculate the highest common divisor of 198 and 18238.
22
What is the highest common factor of 2829 and 1104?
69
Calculate the greatest common divisor of 1425 and 361836.
57
Calculate the greatest common factor of 3497 and 1768.
13
What is the highest common factor of 1020539 and 1508?
377
What is the highest common divisor of 593 and 1229289?
593
Calculate the highest common factor of 210 and 22872.
6
Calculate the greatest common factor of 32 and 7712.
32
What is the highest common factor of 59 and 1611?
1
What is the greatest common divisor of 384 and 13980?
12
What is the greatest common factor of 32809 and 14147?
301
What is the highest common factor of 12 and 4568?
4
What is the highest common factor of 52607 and 62?
31
Calculate the highest common factor of 14464 and 4040.
8
Calculate the highest common factor of 100 and 150.
50
What is the highest common factor of 494414 and 86?
86
Calculate the greatest common divisor of 736 and 3767584.
736
Calculate the greatest common divisor of 302 and 6191.
151
What is the highest common divisor of 4775247 and 53?
53
What is the greatest common divisor of 45745 and 28?
7
What is the greatest common factor of 130 and 6780?
10
What is the greatest common factor of 440 and 91685?
55
Calculate the highest common divisor of 25888 and 26.
2
Calculate the highest common factor of 56 and 155764.
28
What is the highest common factor of 3164 and 350?
14
Calculate the greatest common factor of 112 and 174461.
7
Calculate the highest common factor of 40 and 78296.
8
Calculate the greatest common divisor of 82984 and 396.
44
What is the highest common factor of 17976 and 5768?
56
What is the greatest common factor of 171 and 1692?
9
Calculate the greatest common divisor of 399 and 21987.
21
Calculate the highest common factor of 28630 and 602.
14
What is the greatest common factor of 97 and 603437?
97
What is the highest common divisor of 868 and 80752?
28
Calculate the highest common divisor of 7689 and 95763.
699
What is the highest common divisor of 1044 and 357222?
174
What is the greatest common factor of 50 and 135475?
25
What is the highest common divisor of 24531 and 527?
17
Calculate the greatest common divisor of 65 and 11295.
5
Calculate the highest common divisor of 132397 and 86.
43
Calculate the greatest common divisor of 5904 and 13518.
18
What is the greatest common factor of 270 and 288975?
15
What is the greatest common divisor of 75 and 1143195?
15
Calculate the greatest common factor of 1712 and 164656.
16
What is the greatest common factor of 16 and 664864?
16
What is the greatest common divisor of 2581 and 2047?
89
What is the highest common factor of 2 and 12942?
2
What is the highest common factor of 102848 and 64?
64
What is the highest common factor of 14 and 24786?
2
What is the greatest common divisor of 3903 and 24?
3
What is the highest common factor of 31970 and 3105?
115
What is the greatest common factor of 61605 and 63?
9
What is the highest common factor of 17 and 670667?
17
Calculate the highest common factor of 263825 and 519.
173
Calculate the highest common divisor of 1465200 and 240.
240
What is the greatest common factor of 160525 and 25?
25
Calculate the highest common factor of 264 and 3489728.
88
What is the greatest common factor of 210 and 4329906?
42
Calculate the greatest common factor of 120 and 204180.
60
Calculate the highest common factor of 16058 and 98.
14
Calculate the greatest common divisor of 465842 and 1794.
598
Calculate the greatest common divisor of 140 and 38444.
28
Calculate the greatest common factor of 15471864 and 996.
996
Calculate the highest common divisor of 72 and 85779.
9
What is the highest common factor of 238 and 1363390?
14
Calculate the highest common factor of 33864 and 2040.
408
What is the highest common factor of 706593 and 6657?
951
Calculate the highest common factor of 26 and 25006046.
26
What is the highest common divisor of 424 and 61109?
53
What is the highest common divisor of 24941 and 35?
7
Calculate the greatest common factor of 2856 and 1533.
21
What is the highest common factor of 37752 and 6171?
363
Calculate the greatest common divisor of 1960 and 4508.
196
What is the highest common divisor of 65 and 5515?
5
What is the greatest common factor of 36270 and 2145?
195
What is the greatest common divisor of 755 and 1669909?
151
What is the highest common factor of 224 and 2251312?
112
What is the highest common factor of 219 and 194399?
73
Calculate the greatest common factor of 3464 and 30743.
433
Calculate the greatest common factor of 22 and 508904.
22
What is the highest common factor of 84 and 123270?
42
Calculate the highest common divisor of 403 and 143.
13
What is the greatest common divisor of 267 and 134034?
267
Calculate the greatest common factor of 12395 and 16750.
335
What is the highest common factor of 8439 and 21825?
291
What is the greatest common divisor of 64 and 1206288?
16
Calculate the greatest common divisor of 2076 and 27161.
173
What is the greatest common factor of 26734 and 8?
2
Calculate the greatest common factor of 17518 and 31348.
922
What is the highest common factor of 11 and 133309?
11
What is the highest common factor of 458269 and 85?
17
What is the highest common factor of 88 and 71698?
22
Calculate the greatest common divisor of 81 and 262791.
27
What is the greatest common factor of 124 and 2282034?
62
Calculate the greatest common divisor of 23 and 1845336.
23
Calculate the highest common factor of 708 and 50740.
236
What is the greatest common divisor of 16256 and 1312?
32
Calculate the greatest common divisor of 8416 and 736.
32
What is the highest common factor of 24619 and 49?
7
Calculate the greatest common factor of 2639 and 9737.
91
Calculate the highest common factor of 61306 and 58.
58
Calculate the greatest common factor of 31108 and 332.
4
What is the highest common factor of 35288 and 275?
11
Calculate the highest common divisor of 3959 and 6253.
37
Calculate the greatest common factor of 15 and 58173.
3
Calculate the greatest common factor of 45507 and 462.
231
Calculate the greatest common factor of 30 and 5690.
10
What is the highest common divisor of 328 and 205?
41
Calculate the greatest common divisor of 759 and 21747.
33
What is the greatest common factor of 209775 and 375?
75
What is the greatest common divisor of 120 and 46335?
15
Calculate the highest common factor of 43 and 292529.
43
What is the highest common divisor of 112 and 10512?
16
What is the greatest common factor of 4 and 5948?
4
What is the highest common divisor of 51 and 1093423?
17
Calculate the greatest common factor of 36204 and 70.
14
What is the highest common divisor of 1112545 and 105?
35
What is the highest common factor of 8 and 845224?
8
Calculate the greatest common divisor of 52546 and 3526.
86
What is the greatest common factor of 259344 and 126?
18
Calculate the greatest common divisor of 231 and 28809.
33
What is the highest common factor of 79918 and 10?
2
Calculate the highest common factor of 712 and 3872.
8
What is the greatest common divisor of 1605121 and 29?
29
What is the greatest common factor of 9052 and 1460?
292
What is the highest common divisor of 236 and 13157?
59
What is the greatest common divisor of 1584 and 2928?
48
What is the greatest common factor of 46408 and 44?
4
What is the highest common factor of 261770 and 20?
10
What is the greatest common divisor of 2101293 and 18?
9
Calculate the greatest common div